r of 153 and j.
17
Let k = 2181 + -2163. Calculate the greatest common factor of k and 588.
6
Suppose -330*h + 643*h + 45156 = 325*h. What is the greatest common divisor of 53 and h?
53
Let l(t) = -32*t + 677. Let q be l(-4). Calculate the highest common divisor of q and 280.
35
Let p be (33/220)/((-3)/(-468)) - (-3)/5. Let x(h) = 114*h**2. Let u be x(-2). Calculate the highest common divisor of p and u.
24
Suppose 4*p - 10*p = -6. Let h(y) = 3 + 21*y - 3 - p + 4. Let s be h(2). What is the highest common factor of 18 and s?
9
Let w = 21 + -1. Let z be ((-36)/15)/((-6)/20*44/22). Calculate the highest common factor of w and z.
4
Suppose 13*m = 9 + 134. Let b(f) = f**3 + 9*f**2 + 4*f - 7. Let i be b(-6). What is the greatest common factor of m and i?
11
Let i be (-8)/(-6)*1935/6. What is the greatest common divisor of 2064 and i?
86
Suppose -5*w - 369 - 1383 = -4*v, 0 = 5*v + 4*w - 2272. Calculate the greatest common divisor of 6104 and v.
56
Let a(k) = 59*k**2 + 2*k - 3. Let u be a(1). Let b = 97 - u. Suppose 2*o - b = 3*x - 333, -2*o = 5*x - 474. Calculate the highest common divisor of 12 and x.
12
Suppose -5*j = 5*n - 70, 18*n + 2*j - 38 = 15*n. Let m be (-1 - 23)*((-480)/9)/n. Calculate the highest common divisor of m and 16.
16
Let y be 22/((-3)/9*-3). Suppose 5*i + 18 = 4*w, 9*w - 11*w + i = -6. Let a be 2*-1 + w - 132/(-12). What is the highest common factor of y and a?
11
Let w be ((-24)/4 + 5 - (3 + -3)) + 1794. Calculate the greatest common divisor of 44 and w.
11
Suppose -53 = -12*v - 5. Suppose u - 2*p = 7 + 8, v*u - 33 = -p. What is the greatest common factor of u and 9?
9
Suppose -5*n = -5*x + 25, 5*n + 2*x = 7 + 3. Suppose -12*g + g - 44 = n. Let o be 12 - (g/8*2 + 3). Calculate the highest common divisor of 40 and o.
10
Let o be (-891)/(-6) + 135/90. What is the highest common factor of 18 and o?
6
Suppose -4*y = -0*y - 5*o - 193, 2*o = -y + 32. Let b(x) = 6*x - 19. Let h be b(5). Suppose h*f - 2*f = 189. What is the highest common factor of y and f?
21
Let q be -5551*1*42/(-147). What is the greatest common factor of 650 and q?
26
Let o be (0 + 1/4)/((-6)/24). Let z be (-29 - 0)/(-1*(-1)/o). Let y = z - 26. What is the greatest common divisor of 12 and y?
3
Let v be 546/(-91) - -20*3. Let r = 19 + -13. What is the highest common factor of r and v?
6
Let z = 4643 + -1981. Calculate the highest common divisor of z and 242.
242
Suppose 40774 = 35*p + 2*p. Calculate the greatest common divisor of 874 and p.
38
Let y be 405702/1998 + -2 + 144/74. What is the greatest common factor of 1943 and y?
29
Let m = -37418 - -38804. Calculate the greatest common divisor of 6314 and m.
154
Suppose 0 = f - 230 + 90. Let t = -4342 + 4832. Calculate the highest common factor of t and f.
70
Let j = 4700 - 4620. What is the greatest common factor of j and 10160?
80
Let w be 67/(-268) + (-329)/(-4). What is the highest common factor of w and 1107?
41
Let l be (-4)/14*(-1365)/65. Calculate the highest common factor of 1542 and l.
6
Suppose -511*k - 9 = -514*k. Let c = 1 + -1. Suppose -4*z + 74 = -g + 258, c = -k*g + 5*z + 545. Calculate the highest common factor of 20 and g.
20
Let v be 1*-27*2/(-6). Let o be 171/v + (-3)/1. Suppose 1261 = 32*d + 237. Calculate the greatest common factor of o and d.
16
Let t be (60/(-18))/5 - (-5)/3. Let r be t + (-333)/(-4) - (-19)/(-76). Calculate the greatest common factor of 378 and r.
42
Suppose 0 = 64*r - 228*r + 328. Calculate the highest common divisor of 197 and r.
1
Let l be 2/(-3)*(124/(-8) + 8). Let u be (4 + (-22)/l)*(-1 + -194). Calculate the greatest common factor of 26 and u.
26
Let t(x) = -x**2 - 11*x + 31. Let r be t(-13). Suppose 2*m = -5*q + 136, -9*q + m = -r*q - 101. What is the greatest common divisor of 520 and q?
26
Suppose -143832 = -1174*a + 1162*a. Calculate the greatest common divisor of a and 78.
26
Let v(b) = 569*b - 32. Let a be v(6). Calculate the highest common factor of a and 190.
38
Suppose -174*h + 22712 = -23224. Calculate the greatest common divisor of h and 1012.
44
Let f = -435 + 830. Let h = 376 + -218. What is the greatest common factor of h and f?
79
Suppose 9*m - 4*m = -125. Suppose -3*k - 2*c - 45 - 41 = 0, -5*c - 20 = 0. Let v = m - k. What is the greatest common divisor of v and 2?
1
Let g be (-11520)/(4 - -2)*(2 + (-34)/8). What is the highest common factor of g and 405?
135
Let g be 10/2 - 8 - -5. Suppose g*h - 98 - 142 = 0. Suppose 0 = 2*f - 62 - 34. Calculate the greatest common divisor of h and f.
24
Let c be 153118/56 - 28/(-16). Calculate the highest common divisor of c and 72.
72
Let h = 38 + -70. Let r(z) = -9*z + 31. Let i be r(h). Calculate the highest common factor of i and 29.
29
Let s(o) = -36*o + 276. Let l be s(17). Let x be (-83472)/l + 12/21. Calculate the greatest common divisor of 166 and x.
83
Let m = -67 + 252. Suppose 2*s - o + 245 = 6*s, o = -3*s + m. Let u = 238 - 226. What is the greatest common divisor of s and u?
12
Let q be ((-11)/2)/(32/(-1728)). Let w be (-215)/(-4) - 3/(-12). Suppose 2*d + z = 11 + 52, -4*z = 2*d - w. Calculate the highest common factor of d and q.
33
Let o(a) = 240*a + 28605. Let q be o(-119). Let s = -13 - -23. Calculate the highest common factor of q and s.
5
Let b(p) be the third derivative of -5*p**4/12 - 7*p**3/3 - 33*p**2. Let k be b(7). Let n = k + 95. Calculate the highest common factor of n and 33.
11
Let a be (-2 - ((-480)/75)/8)/(1/(-290)). What is the highest common divisor of 5452 and a?
116
Suppose -9*j = -811 - 2240. Suppose -3*t = 3*n - j - 927, -4*n + t = -1678. What is the greatest common divisor of n and 35?
35
Let w be 166/(2360/(-5472) - (-3)/(135/20)). What is the highest common divisor of 304 and w?
152
Suppose 4*r = -218 + 202. Let t be (-3)/((3 + r)*1). Suppose t*f - 201 = -33. Calculate the greatest common factor of 4 and f.
4
Let b(r) = r**2 - 139*r + 4666. Let f be b(55). What is the highest common divisor of f and 9062?
46
Suppose -3*t - t = -576. Let l = 3959 - 3735. Suppose 2*u - t = -2*k, -5*u + 596 = k + l. Calculate the greatest common divisor of 50 and u.
25
Suppose 0 = -29*f + 36651 - 36477. What is the highest common factor of 42654 and f?
6
Suppose 0 = -17*u + 18*u + 89*u - 817560. What is the highest common factor of u and 24?
12
Let c(d) = 7*d + 31. Let t be c(-3). Let i = -1 + 3. Suppose -7*u + i*u = -350. Calculate the highest common factor of u and t.
10
Let f be (198900/(-16))/(-3) - 7/(-28). What is the greatest common factor of 896 and f?
112
Let a = -1177 + 1463. What is the highest common factor of a and 66?
22
Suppose -5*r + 46 + 19 = 0. Let c be (78/(-91)*7)/(-2 - 0). Let k be 2/c - (1004/(-6) + -1). Calculate the greatest common divisor of r and k.
13
Let h(m) = -3*m + 102. Let d be h(30). Suppose 0 = 5*n - 2*x - 302, 4*n = -4*x + 73 + 163. Calculate the greatest common divisor of n and d.
12
Let m = -189 + 204. Suppose 0 = -5*v - m, -8*q + v = -7*q - 73. What is the greatest common divisor of 49 and q?
7
Let v = -5148 + 5609. Calculate the highest common factor of 1 and v.
1
Let o(k) = 14*k + 345. Let f be o(-18). Calculate the highest common factor of f and 1519.
31
Suppose -24*g + 1414 = 68 - 1438. Suppose -z = 2*s - 1041, 7*s - z - 2613 = 2*s. Calculate the greatest common factor of s and g.
58
Let g = -114 - 57. Let b = -99 - g. Let c(d) = d**3 - 6*d**2 + 9*d - 11. Let h be c(5). Calculate the greatest common divisor of b and h.
9
Let s = 18 + -37. Let b = 25 + s. Suppose -19 = -2*l + a, -7*a + b*a = -3. What is the greatest common factor of 88 and l?
11
Let l(j) = -106*j - 1626. Let i be l(-16). Suppose 0 = -2*o + 66 + 18. What is the greatest common factor of o and i?
14
Let i = 20 - 4. Let k = i - 2. Let l be (-6)/33 - ((-1825)/55 - 2). What is the greatest common divisor of k and l?
7
Let t be (1785/21)/(-17) - (2 - 247). Calculate the highest common factor of t and 1500.
60
Let p be -2 - (594 + 4 - -1). Let t = p + 603. Calculate the greatest common divisor of 122 and t.
2
Suppose -j - 3*g + 326 = j, 2*j = 5*g + 310. Suppose 169 = 402*i - 1841. What is the highest common divisor of j and i?
5
Suppose -4*j - 189 = 5*j. Let a be (-7)/j*108/3 - 0. Let o(v) = -v**3 - v**2 - v + 108. Let r be o(0). Calculate the greatest common factor of a and r.
12
Suppose 17*